 3*z**2. Suppose 3*x - 6 = -0*f - 3*f, 60 = 5*f - 5*x. What is the remainder when l(14) is divided by f?
3
Suppose 0 = -6*c - 7*c. Calculate the remainder when 26 is divided by (7 + c)*(-6 + 7).
5
What is the remainder when 2684 is divided by 28 + -27 - -48 - (0 + 5)?
0
Let n = -653 - -714. What is the remainder when 99 is divided by n?
38
What is the remainder when (-3)/((-87)/(-2)) + 1 + 88408/232 is divided by 146?
90
Calculate the remainder when ((-52)/5 - -2)/((-195075)/6500 - -30) is divided by 37.
25
Suppose i + 2*i = 6*i. Suppose -3*a - 9 + 3 = -3*x, -x - 3*a + 22 = i. Calculate the remainder when ((2 - 7)/(-5) - -34) + 2 is divided by x.
2
Let p = 51 + 3. Suppose -198 = -20*d - 8*d + 10*d. Calculate the remainder when p is divided by d.
10
Suppose 3*p + 4*w = 299, 2*w + 100 + 104 = 2*p. What is the remainder when p is divided by 55?
46
Suppose -286 = -2*i + 186*r - 188*r, 0 = -4*i + 4*r + 612. Calculate the remainder when i is divided by 47.
7
Suppose 3*l - 4*b = l + 14, 10 = 5*b. Suppose l*t - 984 = -t. What is the remainder when t is divided by 42?
40
Suppose 2*s + 40 = -3*s. Calculate the remainder when 54 is divided by (36/s - -2)/((-1)/2).
4
Let g = -536 + 551. What is the remainder when (-42)/(-5 - -2 - -2) is divided by g?
12
Suppose -p - 4*t = -69, -p + 257 = 2*p + 2*t. What is the remainder when p is divided by 1 + -5 - (-18 + 5)?
8
Let q(t) = -727*t - 3548. What is the remainder when 99 is divided by q(-5)?
12
Let m = 747 - 797. Let z(o) = 12*o - 5. Let g be z(5). Let h = g + m. What is the remainder when 14 is divided by h?
4
Let n be (-12 - (-4)/1)*(-1)/4. Suppose 4*z = n*h + h - 66, 66 = 4*h + 2*z. What is the remainder when h is divided by 4?
2
Let q be (-2)/8 + (-18)/(-8). Suppose p = 5*m - 75, 3*m - q*p = m + 38. Let k(x) = 216*x - 2135. What is the remainder when k(10) is divided by m?
11
What is the remainder when ((-5)/3 - 3)*1*(-1083)/2 is divided by 195?
187
Let q(r) = r**3 + r**2 - 2*r + 3. Let p be q(1). Suppose 7*c - 4*c = p*k - 54, 58 = 3*k + c. Calculate the remainder when 120 is divided by k.
6
Suppose 75609 - 43404 = 28*h - 129999. What is the remainder when h is divided by 18?
15
Let v = -2 - -17. Suppose -5*w - 20 = -15*w. Suppose -w*r = -4*z + 166, z + 4*r + r = 47. Calculate the remainder when z is divided by v.
12
Suppose p = 35 - 15. What is the remainder when 58 is divided by ((-48)/p)/3 + (-324)/(-30)?
8
Suppose 14325 = 73*x - 68*x. Let c = -1920 + x. Suppose c + 45 = 9*p. What is the remainder when p is divided by 28?
26
Suppose 13*x = -3*x + 432. Suppose 800 + 4357 = x*b. What is the remainder when b is divided by 49?
44
Let h = -223 + 128. Suppose -5*d + 3*p - 502 = 0, d - 3*p = -8*p - 106. Let z = h - d. What is the remainder when 7 is divided by z?
1
Suppose -349*j + 351*j + 2*v - 638 = 0, -j + 5*v = -343. What is the remainder when j is divided by 13?
11
Let j = -18 - -36. Suppose 143 + 982 = 25*f. Calculate the remainder when f is divided by j.
9
Suppose 3738 = 65*t - 15437. Calculate the remainder when t is divided by 80.
55
Let a = -422 + 420. What is the remainder when 3/(-1) + -8 + 194 + a is divided by 47?
40
Suppose 428*z - 430*z + 1088 = 0. Calculate the remainder when z is divided by 21.
19
Suppose -3*v + 514 = -64*v + 2100. Suppose -4*r + r = -699. Calculate the remainder when r is divided by v.
25
Suppose 4*y = -3*m + 18, 5*m + 4*y - 1 = 21. Suppose -28 = m*g - 6. Let w(f) = -f**2 - 12*f + 26. What is the remainder when w(g) is divided by 15?
7
Suppose 6 = 3*c, 3*k + 4*c + 430 = 990. What is the remainder when k is divided by 44?
8
Suppose 0 = -4*f - f + 835. Suppose -39 = -x - 7*z, x + 25*z - 20*z - 41 = 0. What is the remainder when f is divided by x?
29
Suppose 2193 = 20*t + 353. Calculate the remainder when 373 is divided by t.
5
Suppose 2*h - 5980 = -4*c + 5*h, -2*h - 1505 = -c. Calculate the remainder when c is divided by 169.
137
Let q = -330 + 334. Suppose -4*l + 2*x + 98 + 250 = 0, q*l + 3*x - 328 = 0. What is the remainder when l is divided by (1 + (-4)/2)*-29?
27
Suppose -j - 3 + 15 = 0. Let h(a) = a**3 - 14*a**2 + 50*a - 20. Calculate the remainder when h(4) is divided by j.
8
Suppose -2*m + 4*m = 1844. Calculate the remainder when m is divided by ((36/(-20) - -7) + 0)*(-245)/(-98).
12
Let g be -3*8/(-12)*-3. What is the remainder when (-24)/(-18) - 166/g is divided by (0 - (-18)/(-3)) + 22?
13
Let n = -2373 - -2506. Calculate the remainder when n is divided by 36.
25
Let p(u) = -76*u - 739. Calculate the remainder when p(-11) is divided by 18.
7
Suppose 0 = 2*c + 5*y - 32, -29*c + 24*c = -4*y - 14. Let u(x) = 2*x**3 - 4*x**2 - x + 3. Calculate the remainder when u(3) is divided by c.
0
Suppose -y - 4*y = -2685. Suppose -x - 2*n + 34 = 0, -4*n + 128 - 24 = 3*x. What is the remainder when y is divided by x?
33
Let i(a) = -3*a**2 + 4*a + 5. Let u be i(5). Let o = -659 + 644. Let w = o - u. Calculate the remainder when w is divided by 24.
11
Suppose -41*y + 389 + 923 = 0. Calculate the remainder when 889 is divided by y.
25
Suppose 0 = 2*q, 5*v + 3*q - 8*q - 25 = 0. Suppose v = -w, w + 11 = g - 35. Let h = g - -2. Calculate the remainder when h is divided by 12.
7
Let a = -49 + 53. Suppose -w - w = -2, a*z - w - 19 = 0. Suppose -p + 134 = u - 3*u, z*p = -5*u + 655. Calculate the remainder when p is divided by 34.
30
Suppose 10*d = 19*d + 3600. Let r = d + 417. What is the remainder when 100 is divided by r?
15
Let i = -1227 + 1241. Suppose -16 = -m + 20. Calculate the remainder when m is divided by i.
8
Let r be 2 - 22/12 - (-3)/(-18). Suppose r = 15*q - 8*q + 7. Calculate the remainder when 7 is divided by 6*q*(-2)/3.
3
Let z(d) = 89*d + 475. Calculate the remainder when 357 is divided by z(-5).
27
Let x = -7 - -5. Suppose 5*d + 10*j = 13*j + 119, -d = -2*j - 28. What is the remainder when x/5 - 434/(-10) is divided by d?
21
Let k(o) = 12*o**2 + 17*o + 2242. What is the remainder when k(41) is divided by 321?
320
Let u = 198 - 183. Suppose u*q = 546 - 141. Calculate the remainder when q is divided by 1.
0
Let n(d) = 15*d - 17. Let j be n(3). Let v = j + 0. What is the remainder when 249 is divided by v?
25
Let r be ((-112)/42)/((-4)/6). Suppose -r*z = -4*i + 2 + 62, -58 = -4*i - 2*z. Suppose 0 = -3*f - i + 57. Calculate the remainder when 54 is divided by f.
12
Let q(j) = -3*j**2 + j - 3. Let i be q(4). Let o = -41 - i. Suppose 0 = -9*a + o*a + 54. What is the remainder when 32 is divided by a?
14
Let h = 673 + -10. Let c = 730 - h. What is the remainder when c is divided by 35?
32
Suppose 4*b + 459 = -117. Let a be (b/(-14))/((-10)/(-105)). Suppose 0*h - 3*h = -a. What is the remainder when h is divided by 3?
0
Suppose -6*o + 1820 = -127708. Suppose j = -5*j + o. What is the remainder when (-2)/(4/3 - j/2667) is divided by 26?
23
Let s = 440 + -436. Suppose -255 = -5*c - 5*y, -s*y + 0 = -8. Calculate the remainder when c is divided by 15.
4
Let y = 28 + -47. Let b = -47 + y. Let p = -52 - b. What is the remainder when 40 is divided by p?
12
Let v be (-10)/50 + 678/15. Let z(y) = 2*y - 51. Calculate the remainder when 90 is divided by z(v).
12
Suppose 0 = a + 7, -w + 39 = 8*a - 10*a. Calculate the remainder when w is divided by 8.
1
Let x = 217 - 223. Let o(s) = -3*s**2 - 23*s - 20. What is the remainder when 238 is divided by o(x)?
8
Suppose 116*p - 60297 + 12389 = 0. Calculate the remainder when p is divided by 70.
63
Let q(n) = 22*n - 1. Let f be q(-14). Let w = f + 478. Suppose 184*t = 179*t + 50. What is the remainder when w is divided by t?
9
Suppose 0 = -52*i + 55*i - 1587. Suppose 21*m - 82*m + 1708 = 0. What is the remainder when i is divided by m?
25
Let g(h) = h**3 + 11*h**2 + 105*h + 830. Calculate the remainder when 95 is divided by g(-9).
1
Suppose -k = -3*k + 138. Let b = 468 + -48. Suppose -6*u + b = 210. Calculate the remainder when k is divided by u.
34
Let q = 412 - 406. Suppose 4*k - 3*w - 69 = -k, 6*w - q = -2*k. Calculate the remainder when 66 is divided by k.
6
Calculate the remainder when 421 is divided by (-218)/(-3) + (-16)/(-36) + 230/(-207).
61
Let h = -212 + 226. Calculate the remainder when 46 is divided by h/6*(-936)/(-84).
20
Let q = 671 - 345. Suppose -q = -5*a - 261. Suppose 0 = -5*b + 41 + 119. What is the remainder when b is divided